.
23
-3 (base 4) to base 14
-3
-113 (base 4) to base 14
-19
Convert -92 (base 10) to base 2.
-1011100
What is 8 (base 14) in base 9?
8
Convert 107 (base 9) to base 11.
80
Convert -10000 (base 3) to base 14.
-5b
2 (base 16) to base 3
2
-30 (base 8) to base 13
-1b
27 (base 13) to base 12
29
1 (base 14) to base 3
1
What is 32 (base 4) in base 6?
22
Convert 235 (base 8) to base 13.
c1
Convert -24 (base 6) to base 4.
-100
What is -101 (base 9) in base 8?
-122
What is -100 (base 2) in base 16?
-4
What is -1 (base 13) in base 6?
-1
Convert 24 (base 10) to base 12.
20
Convert -10 (base 6) to base 5.
-11
-3 (base 13) to base 4
-3
110 (base 12) to base 7
312
What is 101010 (base 2) in base 13?
33
Convert 44 (base 9) to base 4.
220
Convert -450 (base 6) to base 12.
-126
What is 372 (base 8) in base 6?
1054
What is 110100 (base 2) in base 15?
37
-1b (base 12) to base 6
-35
What is -b1 (base 16) in base 10?
-177
6 (base 15) to base 3
20
77 (base 8) to base 13
4b
Convert -21 (base 12) to base 2.
-11001
100 (base 13) to base 14
c1
3 (base 14) to base 8
3
What is 1 (base 5) in base 7?
1
What is 3 (base 5) in base 7?
3
Convert 1 (base 15) to base 10.
1
Convert 3 (base 16) to base 9.
3
-d4 (base 14) to base 11
-15a
-1101 (base 3) to base 10
-37
What is -2 (base 10) in base 13?
-2
Convert -2 (base 4) to base 9.
-2
Convert 3 (base 14) to base 5.
3
101 (base 6) to base 13
2b
Convert 19 (base 15) to base 2.
11000
-2 (base 15) to base 3
-2
What is -431 (base 5) in base 6?
-312
-5 (base 15) to base 11
-5
Convert -100 (base 12) to base 7.
-264
-1 (base 15) to base 13
-1
What is 3 (base 11) in base 8?
3
-5 (base 8) to base 2
-101
What is 120 (base 3) in base 14?
11
4c (base 13) to base 3
2101
Convert -3 (base 14) to base 6.
-3
What is -26 (base 7) in base 11?
-19
What is 310 (base 6) in base 10?
114
Convert -244 (base 9) to base 3.
-21111
What is 365 (base 8) in base 9?
302
What is 53 (base 6) in base 8?
41
What is -331 (base 6) in base 15?
-87
What is 9b (base 12) in base 15?
7e
What is -24 (base 5) in base 4?
-32
What is -32 (base 10) in base 7?
-44
Convert 10 (base 4) to base 12.
4
Convert 1010 (base 2) to base 9.
11
12 (base 4) to base 3
20
What is 0 (base 15) in base 8?
0
341 (base 5) to base 13
75
What is -15 (base 9) in base 14?
-10
Convert b8 (base 16) to base 2.
10111000
What is -19 (base 13) in base 9?
-24
What is -1 (base 5) in base 12?
-1
Convert 2120 (base 3) to base 11.
63
What is 211 (base 3) in base 13?
19
Convert -42 (base 14) to base 7.
-112
-20 (base 5) to base 10
-10
-4 (base 11) to base 9
-4
What is -53 (base 11) in base 16?
-3a
Convert -112 (base 3) to base 15.
-e
What is 2 (base 5) in base 10?
2
1100 (base 2) to base 12
10
What is -22 (base 4) in base 3?
-101
Convert 16 (base 11) to base 12.
15
1001 (base 2) to base 6
13
What is 1 (base 5) in base 13?
1
Convert -5 (base 14) to base 2.
-101
30 (base 13) to base 6
103
Convert 13 (base 10) to base 14.
d
What is 7 (base 15) in base 5?
12
222 (base 7) to base 10
114
-24 (base 13) to base 7
-42
Convert 226 (base 10) to base 4.
3202
2 (base 14) to base 5
2
-4 (base 16) to base 12
-4
-55 (base 7) to base 2
-101000
4 (base 12) to base 11
4
What is d (base 14) in base 7?
16
Convert 4 (base 9) to base 2.
100
What is 123 (base 7) in base 11?
60
-25 (base 11) to base 5
-102
-5 (base 9) to base 8
-5
What is -5 (base 13) in base 9?
-5
What is b (base 16) in base 9?
12
1 (base 7) to base 11
1
What is 1 (base 5) in base 9?
1
Convert 3 (base 16) to base 11.
3
2 (base 11) to base 16
2
What is 3 (base 14) in base 5?
3
235 (base 7) to base 11
103
Convert -a (base 11) to base 4.
-22
Convert -3 (base 12) to base 6.
-3
Convert 3 (base 10) to base 11.
3
Convert 1022 (base 3) to base 8.
43
33 (base 6) to base 16
15
Convert 11 (base 4) to base 10.
5
Convert 1000 (base 2) to base 9.
8
What is 3 (base 9) in base 4?
3
Convert 3 (base 12) to base 9.
3
What is -12 (base 16) in base 4?
-102
-67 (base 12) to base 5
-304
-6d (base 16) to base 12
-91
What is 12 (base 4) in base 15?
6
Convert -121 (base 6) to base 4.
-301
What is -11 (base 10) in base 2?
-1011
What is 167 (base 8) in base 14?
87
What is 2 (base 13) in base 14?
2
What is 11 (base 9) in base 5?
20
What is 1 (base 15) in base 10?
1
What is -11 (base 6) in base 2?
-111
What is 9 (base 14) in base 10?
9
What is 136 (base 8) in base 16?
5e
What is -3 (base 5) in base 4?
-3
3 (base 12) to base 8
3
Convert -5a (base 14) to base 2.
-1010000
Convert 0 (base 11) to base 8.
0
What is 2 (base 5) in base 13?
2
-3 (base 7) to base 8
-3
Convert -200 (base 5) to base 2.
-110010
-223 (base 7) to base 6
-311
-110 (base 7) to base 14
-40
2 (base 11) to base 9
2
Convert -10 (base 11) to base 4.
-23
What is 4 (base 14) in base 12?
4
Convert 3 (base 13) to base 14.
3
-192 (base 14) to base 15
-169
-a (base 12) to base 14
-a
-54 (base 7) to base 15
-29
-44 (base 6) to base 11
-26
2102 (base 4) to base 13
b3
What is -2 (base 5) in base 15?
-2
25 (base 6) to base 4
101
What is e (base 16) in base 11?
13
Convert 26 (base 7) to base 6.
32
-100 (base 2) to base 15
-4
What is -121 (base 6) in base 4?
-301
Convert -167 (base 13) to base 8.
-376
What is -1 (base 6) in base 4?
-1
Convert -13 (base 13) to base 14.
-12
What is 117 (base 9) in base 12?
81
Convert 24 (base 13) to base 9.
33
23 (base 10) to base 5
43
-4 (base 9) to base 16
-4
What is -34 (base 8) in base 15?
-1d
Convert -11 (base 3) to base 4.
-10
What is -b (base 12) in base 4?
-23
What is a5 (base 12) in base 6?
325
Convert -40 (base 12) to base 16.
-30
-555 (base 8) to base 16
-16d
Convert 0 (base 14) to base 13.
0
1 (base 3) to base 13
1
-26 (base 9) to base 14
-1a
Convert 0 (base 3) to base 8.
0
-1 (base 7) to base 15
-1
46 (base 8) to base 3
1102
10 (base 4) to base 13
4
What is -302 (base 4) in base 16?
-32
Convert -6 (base 9) to base 7.
-6
What is 1 (base 16) in base 8?
1
What is 2 (base 11) in base 5?
2
Convert 2 (base 8) to base 12.
2
Convert 3 (base 14) to base 4.
3
Convert -13b (base 14) to base 13.
-162
What is 55 (base 6) in base 5?
120
What is 12 (base 10) in base 16?
c
Convert ed (base 15) to base 4.
3133
-23 (base 4) to base 8
-13
What is -24 (base 8) in base 5?
-40
-c (base 16) to base 9
-13
22 (base 7) to base 14
12
9a (base 16) to base 9
181
Convert -1100 (base 2) to base 13.
-c
-d0 (base 15) to base 13
-120
3 (base 12) to base 10
3
What is -37 (base 12) in base 11?
-3a
-1000 (base 2) to base 16
-8
What is 53 (base 9) in base 5?
143
Convert -233 (base 5) to base 13.
-53
11010010 (base 2) to base 6
550
What is 50 (base 14) in base 8?
106
-11 (base 12) to base 6
-21
-120 (base 5) to base 12
-2b
What is -3 (base 16) in base 8?
-3
Convert 2022 (base 3) to base 6.
142
What is -8 (base 16) in base 7?
-11
Convert 1223 (base 4) to base 15.
72
What is -9c (base 15) in base 11?
-124
3 (base 12) to base 6
3
-244 (base 5) to base 9
-82
What is -24 (base 8) in base 13?
-17
Convert a4 (base 15) to base 9.
181
What is 3 (base 13) in base 3?
10
Convert -2 (base 11) to base 10.
-2
What is -4 (base 7) in base 5?
-4
Convert -101 (base 2) to base 8.
-5
-370 (base 8) to base 14
-13a
-1 (base 15) to base 16
-1
-1111 (base 2) to base 4
-33
Convert 3333 (base 4) to base 7.
513
Convert -53 (base 12) to base 8.
-77
81 (base 12) to base 7
166
-2 (base 4) to base 11
-2
-4 (base 12) to base 13
-4
b7 (base 12) to base 10
139
264 (base 7) to base 6
400
Convert 1a (base 11) to base 13.
18
Convert 21 (base 3) to base 6.
11
What is -101100 (base 2) in base 4?
-230
What is -75 (base 13) in base 2?
-1100000
Convert 1 (base 16) to base 12.
1
-50 (base 16) to base 13
-62
1011000 (base 2) to base 8
130
Convert 55 (base 7) to base 14.
2c
-5 (base 13) to base 9
-5
Convert 7 (base 10) to base 11.
7
-5 (base 10) to base 2
-101
0 (base 8) to base 10
0
Convert -1 (base 12) to base 8.
-1
What is -19 (base 10) in base 6?
-31
1110 (base 2) to base 10
14
Convert 2 (base 9) to base 2.
10
Convert -3 (base 9) to base 12.
-3
What is -47 (base 13) in base 12?
-4b
4 (base 12) to base 6
4
Convert -78 (base 10) to base 16.
-4e
What is -5 (base 13) in base 4?
-11
What is -102 (base 4) in base 2?
-10010
What is 12 (base 16) in base 2?
10010
Convert 10 (base 6) to base 15.
6
-10 (base 3) to base 10
-3
What is 0 (base 15) in base 2?
0
What is 12 (base 3) in base 14?
5
-42